e value of (46 - (-16 - (-8 + 13))) + -11 + -2?
54
Evaluate 30 + -58 + (-55 - -6 - -22).
-55
76 + -99 - 4 - 20
-47
What is the value of 30 - ((-1 - (6 + 24)) + 139)?
-78
Evaluate (-9 - -1) + (56 - 11 - 0) + 2.
39
What is 3 - ((-4 - -32) + 0 + -5 + 0)?
-20
Calculate 156 - (237 - 99) - (-40 - 1).
59
What is the value of (-8 - -8) + (4 + -26 + -83 - 5)?
-110
Evaluate -55 + (133 - (-111 + 141)).
48
What is (4 - 17 - -34 - 17) + -6?
-2
(-11 - 38 - -8) + 29
-12
-18 + -8 + -17 + 26
-17
Evaluate (-58 - 1) + (-153 - -144) + -1 + 4.
-65
What is -36 + (-4 - -2) + (-1 - -2 - (-204 - -203))?
-36
Evaluate -25 - (16 + (-1 - -14) + -29).
-25
Evaluate 3 - (1 + -12 - (-25 - -12)) - -19.
20
1214 + -1234 + -3 + 11
-12
Evaluate (-38 - -40 - (-7 - 0)) + 16.
25
Calculate 10 - (((-10 - -13) + -22 - -10) + -13).
32
Calculate (0 - 40) + (-8 + 82 - 38 - 34).
-38
What is (17 - (17 + -13)) + (1 - 6) + (40 - 56)?
-8
(-82 + 74 - (14 + -2)) + 19
-1
What is (-90 - -33 - 48) + 43?
-62
What is -69 - ((-2 - 175) + 59)?
49
Evaluate (161 - 165) + -5 + 3 + -1 + 0 + 3.
-4
What is -2 + -7 + 0 + (-26 - -22) + (-63 - 0)?
-76
Evaluate (-19 + 8 + 6 - -20) + -111 + 2.
-94
What is the value of 60 + (-87 - -32) + 15 + (8 - 3)?
25
Evaluate -7 - 1 - (-21 + (17 - 0) + 11).
-15
(-15 + 2 - (6 + 13 + -48)) + -82
-66
Calculate (-62 + 61 - (-11 - -3 - -9)) + (-81 - 0).
-83
Calculate (-22 - -66) + 27 - 25.
46
Evaluate 0 + -10 - (-31 + 34).
-13
Evaluate (18 - -28) + -76 - (13 - (-3 + 3)).
-43
What is the value of 27 + -49 + (26 - -18)?
22
Calculate 41 + (2 - (0 - 0)) - (1010 + -997).
30
What is -359 + 333 - (12 + 1)?
-39
What is the value of 13 + -2 + -22 + (119 - 185 - (-2 - 6))?
-69
77 + 0 + (-9224 - -9077)
-70
(9 - 11) + 6 + -9 + (0 - 4 - 29)
-38
What is (-23 - (-64 + 105)) + (0 - -11)?
-53
Calculate -24 + (3 - (10 + -42) - 21).
-10
-8 - (-26 + 27 - -29)
-38
What is the value of 10 + 5 + (-9 - (-11 - (5 - (-1 + -9))))?
32
What is the value of -83 + 33 + (16 - -96)?
62
Evaluate -23 + -50 + 0 - -46.
-27
What is -50 - (128 - 102) - (3 - 2)?
-77
Calculate -8 + (-9 - (-20 + 10 + 2)) - 4.
-13
What is the value of (-127 + -101 - -128) + (-3 - -1) + -8?
-110
774 - 765 - (23 + (1 - -3 - (2 - 3)))
-19
What is the value of 61 + -36 + 0 + -732 + 752 + 4?
49
Calculate (-9 - -25) + -47 - -39.
8
What is (30 + -46 - -25) + -18?
-9
(-61 - -2 - -15) + 14 - -5
-25
What is the value of 2 - -7 - (10 - -8 - (8 + -16))?
-17
What is 1846 - 1837 - (3 - 1)?
7
Calculate (-38 - (-32 + 17) - -9) + 39 - 1.
24
What is the value of -24 + 9 + -2 + 29 + -22 + -109?
-119
Calculate -67 + 41 - -5 - -20.
-1
What is the value of 78 - 55 - (0 + 75)?
-52
What is the value of 1 + -1 + 8 + (9 - (15 - 7)) + -41?
-32
What is the value of -6 + (-6 - -6) - -8 - (-10 + (-73 - -8))?
77
What is (-56 - -3) + 64 - (-1 - ((55 - -1) + 4))?
72
Calculate (-26 - 11) + 20 + 20.
3
Evaluate (-6 - -6 - (8 + -13)) + (480 - 394).
91
Calculate 45 - -7 - ((6 - -9) + 14 + -8).
31
-148 + (-216 - -401) - (1 + 0)
36
132 + -69 - (0 + -4 + -1 + 150 + -154)
72
What is 36 - 25 - (-1 + -5 - (-14 + -4 - -2))?
1
What is 2596 - 2662 - (-2 - 5) - (-20 - -1)?
-40
What is the value of -69 + (-119 - (-132 - -81))?
-137
What is (0 - 20) + (2340 - 2309)?
11
Calculate 4 + 2 - -9 - (57 - 31) - 35.
-46
What is 2116 - 2109 - ((0 - 1) + -15)?
23
(11 + 0 - (-20 + 27)) + 5 - (-32 - -6)
35
-3 + 6 + 9 + (10 - 6) + -10 + 122
128
2 + -13 + -1 + (-21 - (-5 - (-48 + 36)))
-40
-44 - (19 - 41 - 44)
22
What is -11 - -1 - (-2 + 25 + -129 - -29)?
67
0 + (3 + 32 - (450 + -410))
-5
What is the value of 1 + (-16 - -32) + -43?
-26
Evaluate (5 + -4 - (8 - (-5 - -9 - -7))) + -48.
-44
What is 58 + -113 + 34 + 6?
-15
What is 24 + 3 + (27 + -21 - 1 - -3)?
35
-82 - -105 - ((2 - 8) + (0 + 3 - 6))
32
(50 - (23 - -19)) + 22 + -10
20
What is -36 + (-23 - -8) + 4 - -7?
-40
Evaluate 1 - (-13 - 18) - 93.
-61
Calculate -86 + (9 - (-89 - 26)).
38
What is 0 + 8 - (21 - (-71 - -32 - -82))?
30
What is (-4 - (9 + 1)) + (0 - -14) + -54?
-54
What is -19 - ((-35 - -17) + 17) - 3?
-21
Evaluate 217 + 154 + -405 - (1 + 13).
-48
Calculate -791 + 809 - (4 - 1).
15
Calculate (0 - 6) + (-7 - (9 - 14) - -5) + -63.
-66
Calculate (3 - (0 - -14)) + (-20 - (-12 + -14)).
-5
Calculate -45 + (21 - -22) - -112.
110
Evaluate 3 + (1 - -30) + 31 + -7 + -21.
37
Calculate -6 + -1 - (41 + 6 + -7) - (-6 + 19).
-60
What is 22 + (21 - (54 - 39))?
28
Evaluate -8 + 6 - -26 - (-3 + (0 - 4 - -13)).
18
What is the value of (-252 + 130 - -101) + (1 - 13)?
-33
Calculate -2 + (-2 + 38 - 2) - (-100 + (118 - 21)).
35
(-11 + 108 - 16) + 63 + -15
129
Calculate -132 - (-627 - -498) - (-2 - -2 - -123).
-126
Calculate -3 - (-527 + 516 + (6 - 2)).
4
Evaluate 18 + (-133 - (12 + -23) - (3 + -1)).
-106
17 + -6 + -2 + (21 - 16) - 4
10
Calculate -16 + (2 - -5) + (3 - -3) - (723 - 724).
-2
Evaluate (10 + 12 - (-78 + 109)) + -37.
-46
What is 25 - (26 + -13 + 47)?
-35
Evaluate -32 + 7 + (-6 - 0) + 0 + -216 + 219.
-28
What is the value of -62 - 87 - -95 - 33?
-87
What is the value of -5 + (7 + 3 - 26) - (-9 - 76)?
64
What is 26 + -1 + 110 + (-10 - 117)?
8
10 - ((2 - -43) + -7) - (2 - (2 + 14))
-14
Calculate (31 - (85 + -31) - -123) + -24.
76
Calculate 26 - (21 - 20 - -39).
-14
What is the value of 17 + (0 - 0) + (-17 - (-102 - -154))?
-52
What is -277 - -471 - (115 - 4)?
83
Evaluate 13 + (19 - 32) + -41 - (-5 - -23).
-59
-11 + -2 - (-51 + 31) - (-13 + 123)
-103
What is -67 + 87 + (0 - (0 + 6))?
14
Evaluate -8 - (-1 - (-13 + 9) - 4) - (5 - 7).
-5
What is the value of 4 + 9 - (-8 - (33 + -64)) - (-1 + 113)?
-122
Evaluate 26 + -24 + -10 + -6 + (66 - 44).
8
What is -1729 + 1785 + (0 - 26)?
30
Calculate (149 - 99) + -49 + -90.
-89
-35 - 2 - (730 + -776)
9
12 + (-10 + -30 - (5 + -8 + 6) - 13)
-44
Evaluate 13 + (-6 - (-11 + (6 - 0))) - 17.
-5
What is 13 + (-3 - (-23 + 27) - (-1 + 22))?
-15
28 - (52 + -89 + 9)
56
Calculate (-5 - 0 - -4) + -3 - (37 - 14 - -5).
-32
What is -105 - (0 + -7) - (-4 - (6 + 6 - 16))?
-98
-105 + (170 - (-82 + 166))
-19
What is 4 - 53 - ((293 - 315) + 1 + 10)?
-38
What is 24 + -29 + (-40 - -32)?
-13
(0 - 340) + 101 - -134
-105
Evaluate 1 + 24 - (-133 + (100 - -38)).
20
What is the value of (1 - 10) + (-6 - -4 - 32 - -19)?
-24
Evaluate -13 - -10 - (-182 - -51) - 33.
95
What is the value of (-62 - -44 - 50) + 59?
-9
Calculate (87 - 21 - 71) + -45.
-50
What is -20 + -27 + 54 + -1 + -22?
-16
Calculate (-147 + -2 - (-22 + 24 + -9)) + (12 - 7).
-137
What is (-35 - (-30 - 103)) + -73?
25
Evaluate -415 + 493 + -63 + -22.
-7
-50 + 72 + -2 - 36
-16
(-39 - (4 + 9)) + (-1 - (9 - 26))
-36
What is the value of 0 - (-1747 + 1743 + -1 + 3 + -1)?
3
What is the value of (19 - (21 + -34 - -23)) + -6 + -4 + 24?
23
Calculate 5 - (2 + 0 + -4) - (-40 + 18 + 82).
-53
62 - ((38 - -2 - 38) + -40)
100
What is the value of 25 - (-8 + 14 - (-9 - (-15 - -4)))?
21
What is the value of -61 + -7 + (7 - (9 - 33))?
-37
What is the value of 130 + -8 + -76 + -21?
25
What is the value of 13 - ((10 - 26) + 10 + 2 + 12 - -104)?
-99
What is 43 + -31 + (-7 - (4 - 13) - -2)?
16
(3 + -47 - -88) + -25
19
-17 + 10 + (13 - 4)
2
Calculate 52 - ((0 + -1 - -6) + (15236 - 15236)).
47
Evaluate (-60 + 49 - (66 + -3)) + (-2 - -19).
-57
What is the value of 5 - (2 - (-7 + 9) - -5 - (-75 + 140))?
65
Evaluate (35 - 6) + (26 - 14) - (11 + -10).
40
Evaluate -11 - (7 + -10 + -5) - (33 + -23).
-13
Calculate -4 - 2 - (10 - (2 + 34 - 10)).
10
Calculate 37 + -6 + 2 - (455 - 498).
76
Evaluate (3 + 22 - (-19 + (-11 - -35))) + 48.
68
What is the value of (70 - (3 + 26)) + -1 + 4 + (5 - 7)?
42
What is the value of ((2 - 2) + -72 - (917 + -930)) + 3?
-56
What is -7 + 1 + (45 - 7) - (16 - 10)?
26
Evaluate (-3 - (-44 - 26)) + (3 - -32).
102
Evaluate (-7 + 4 - -2) + (-19 - -9) + 34.
23
What is 4 - (0 + 13) - (35 - 58)?
14
Calculate 114 - (49 + (93 - 91)).
63
Evaluate 26 - ((292 - 312 - (-8 - 0)) + (6 - 1)).
33
What is the value of -28 - (-1 + 0 + -3 + -12 + 27 + -20)?
-19
Calculate -68 + (5 - 68) + 66.
-65
Evaluate -12 + 66 + -35 - 39.
-20
What is the value of (-10 + 4 + -14 - 2) + 18?
-4
(-8 - -1) + 1896 + -1830
59
What is (3 - -1) + -7 + 2 - (-7 + -100 + 12)?
94
What is the value of 36 + 29 + -18 + -3 + 22?
66
What is the value of (0 + 9 + (-24 + 56 - 33) - -4) + -3?
9
3 + -13 - (-7 + 0 + -16)
13
What is (2 - 0) + -15 